 = 20*t**2 + 6*t + 17. Let v = -40 - -42. Suppose -19 - v = 3*z. Is x(z) prime?
False
Let i(m) = 65547*m**2 + 3. Let d be i(1). Let v = d - 43639. Is v a composite number?
False
Let r = 1283723 - 153252. Is r a prime number?
True
Suppose -470895 = -18*k + 1100487. Is k prime?
True
Suppose 2*i = u - 919, -2*u + 1120 + 742 = 4*i. Let p = 3338 - u. Is p a composite number?
True
Suppose 17*r + 38132484 = 403*r - 13048414. Is r a prime number?
False
Suppose 112 = 14*j + 42*j. Is (-494824)/(-572) + j/(-26) a composite number?
True
Let o be 2609 + (-1 - 0) + 1. Suppose -187*f = 141*f - 1445824. Let u = f - o. Is u a composite number?
True
Let n(y) be the second derivative of 11*y**7/1260 - y**6/360 - 7*y**5/40 + 19*y**4/12 - 21*y. Let b(g) be the third derivative of n(g). Is b(7) a prime number?
False
Suppose 34*d - 30*d = -5*x + 37, -5*x = d - 28. Suppose 0 = x*z + z - 21606. Is z a prime number?
False
Suppose -6*r - 3*z = -26412, -r - 3*r = 3*z - 17614. Is r a prime number?
False
Let n(k) = -7*k**2 + 78*k - 6. Let r be n(11). Suppose 4*u + 12 = 0, 0 = -83*l + 78*l - r*u + 10780. Is l prime?
False
Let x(f) = 677*f**3 - 2*f**2 - 11*f - 17. Is x(6) a prime number?
True
Let h(r) = -2*r - 18. Let i be h(-7). Let z be ((-1)/(-3))/((12/i)/(-35118)). Let o = z - 211. Is o a prime number?
True
Let c = -93 + 95. Let x be c/(-4)*(-114720)/24. Let i = x - 981. Is i composite?
False
Is (916894/(-44) + 4)/(((-6)/4)/3) a composite number?
False
Let f(n) = 2*n**2 - 6*n - 15. Let b be f(5). Suppose y + b = 6*c - 5*c, 2 = y. Suppose -c*u - 1355 = -12*u. Is u composite?
False
Let f be 2 - 1 - (-2 - 2). Let c = -212 + 215. Suppose 2*r = c - 9, -f*v - 3*r + 1976 = 0. Is v a prime number?
True
Let r be (-2110)/(-26) + 4/(-26). Let v = r + -78. Is 2/v*35130/4 a composite number?
True
Suppose -479*h + 449*h + 2577930 = 0. Is h composite?
False
Suppose 0 = 4*z - 3*z - 32161. Is z prime?
False
Let j(l) = -3*l + 34. Let w be j(-14). Suppose 78*n - 78336 = w*n. Is (-7)/(-49) - n/(-28) a prime number?
True
Let b(t) = -473*t + 713. Is b(-48) a prime number?
True
Let u = 32750 + -16759. Is u a prime number?
True
Let x(n) = n**3 - 20*n**2 + 26*n + 47. Let r be x(21). Suppose 1064 + r = 2*d. Is d a prime number?
True
Let g(x) = -8*x + 36. Let p be g(5). Let h(k) = 539*k**2 + 46*k + 181. Is h(p) prime?
False
Suppose u = 0, 5*k + u + 5760 = -2*u. Let x = k - -2046. Suppose 11*m = 13*m - x. Is m a prime number?
False
Let o = -10 - -59. Suppose 50*m = o*m + 3. Suppose l = 1 - 3, -m*w + 1144 = l. Is w a prime number?
False
Suppose 8*c - 3*c = -4*d - 49, 5*c + d + 46 = 0. Let p(y) = -253*y - 124. Is p(c) a composite number?
False
Let q = 357129 - 149234. Is q composite?
True
Suppose -2*r = -28323 - 14927. Suppose 4*k - 29*k = -r. Is k prime?
False
Let r = -238 + 226. Is 41475/126 + 2/r a prime number?
False
Suppose 4*m - 7124 = a - m, -3*m + 35576 = -5*a. Let j = 955 - a. Is j composite?
False
Let n(s) = -1574*s + 30. Let p be n(-4). Suppose 0*c - p = -2*c. Is c prime?
True
Suppose 4*n - 12590 = -2438. Suppose -5*u = 0, 2*y - n = 3*u + 290. Let x = y - -55. Is x a prime number?
False
Suppose 5*j = 3*d + 58, 5*d + 90 = -0*d + 5*j. Let y = -14 - d. Suppose 0 = -5*p + y*h + 2771 - 376, -957 = -2*p + h. Is p composite?
True
Let v be 3/((2/4)/(13/(-39))). Is 152/192*10119 - v/16 prime?
True
Let p(h) = -h**3 + 5*h**2 - 2*h - 5. Let o = -20 - -24. Let w be p(o). Is (w - (-2 - -2))*-1 + 122 prime?
False
Let r be (-3 + 1)*8596/8. Suppose -57*q - 8184 = 5*q. Let m = q - r. Is m composite?
False
Let c be (-8)/(2/(-1)) - 0. Suppose c*g = -2*r + 334, -2*g - 4*r + 253 = g. Suppose g*i + 1270 = 85*i. Is i composite?
True
Let a(z) = 783*z**2 + 44*z - 5. Is a(6) composite?
False
Suppose -13863 = -3*m + 2*g + 7900, 0 = 4*m - 4*g - 29016. Let o = m - 1476. Is o a prime number?
True
Let f(j) = 2389*j**2 - 23*j - 33. Is f(-2) composite?
True
Let w = 38047 + 37534. Is w composite?
True
Let k(s) = 81518*s**2 - 86*s - 187. Is k(-2) a composite number?
False
Is (-4)/(-12) - ((16 - 11) + (-1801868)/12) a prime number?
True
Suppose 0 = 4*r + 8*r + 1799232. Is (-2)/(8/r*4) composite?
False
Is 12/(-15)*(-10)/(-36) - 1075799/(-9) a composite number?
False
Suppose -5*d + 6*d = 3*m + 356, -1822 = -5*d + m. Let t = d + -316. Is t a composite number?
True
Suppose 0 = -11*v - 4*v + 821445. Is v composite?
True
Let d = 47801 + 99596. Is d a prime number?
True
Suppose -10*d + 4*o + 4527 = -5*d, 2*d = o + 1812. Is d a composite number?
False
Suppose 3*c = 3*q + 27, 4*c - 9 = -q - 4*q. Let i(j) = -j**3 + 8*j**2 - 11*j - 6. Let m be i(c). Suppose -9*b + 382 + 95 = m. Is b a prime number?
True
Let s(u) = u + 11. Let x be s(-5). Suppose 5*l + 5*z - 34675 = 0, -x*l + l = -z - 34705. Suppose -7*f + 11*f - l = 0. Is f composite?
True
Let p(g) = 2*g**2 - 9*g + 20. Let k be p(7). Suppose k*a - 222 = 49*a. Is a a composite number?
False
Let b(y) = -y + 13. Let j be b(8). Suppose j*u - 6596 = u. Is u a prime number?
False
Suppose -5*i = g - 6*g - 25, -2*g - 4*i = -20. Suppose -7 = 3*a + 3*s - 31, 3*a - 2*s + 1 = g. Suppose -a*m - m + 1796 = 0. Is m prime?
True
Suppose -20*x + 19*x - c = -17159, 2*c + 68636 = 4*x. Is x a composite number?
False
Let j = -307 + 1138. Let v = j + 1930. Is v a composite number?
True
Let a(u) be the first derivative of -93/4*u**4 + 3/2*u**2 + 16 + u**3 + u. Is a(-2) a prime number?
True
Is (-1 + (-9)/(-2))*92008898/917 a prime number?
True
Let c(v) = -9*v**2 + 6*v - 17. Let w be c(4). Suppose 20 = -4*p, -3*p - p = t - 208. Let z = w + t. Is z prime?
False
Let w(l) = -8*l + 28. Let n be w(5). Is (-2 + (-5072)/n)/((-2)/(-3)) composite?
False
Let s = -4945 - -4947. Suppose 0 = -3*j - 2*j. Suppose j = s*d - 5*u - 5218, 0*u - 8 = 2*u. Is d a composite number?
True
Suppose 0 = s + 4*w - 7427, 4*w - 4 = 4. Suppose 0 = -15*b + 18*b + s. Let j = -1622 - b. Is j composite?
True
Let c be 258222/2*3/9. Suppose -3*d + 11*u - 6*u = -c, 4*d = 5*u + 57386. Is d composite?
True
Suppose -32*m + 13*m = 531842 - 4073233. Is m composite?
True
Suppose 0*o + 5*z = -2*o - 4, -o - 4*z = 5. Suppose 6 = o*f - 30. Is (-10934)/(-4) + 18/f a prime number?
False
Let x be (7/2 - 1)*80/100. Let l(k) = -141. Let h(i) = i - 141. Let g(u) = x*h(u) - 3*l(u). Is g(0) prime?
False
Suppose 2*z = 6*z + 3*c - 2, 4*z - 3*c = -10. Let a be (-3)/(-7) - (-468)/(-1092). Is (a/(-15))/(z + 3) + 1361 composite?
False
Let g = -51718 - -105767. Is g composite?
False
Suppose -5*y = 2*d + 8, 0*y - 2*y - 5 = -d. Is (-4 - d)/(8 + (-26365)/3295) a composite number?
True
Suppose -3*x + 0*x = -2*u + 1687, -5*u = -5*x - 4215. Let n(i) = i**2 + 45*i + 25. Let g be n(-39). Let o = g + u. Is o a composite number?
True
Let v(c) = 2*c - 43. Let o be v(23). Let a be (6735/(-20))/o*-4. Suppose a = m + 58. Is m a prime number?
False
Let j(y) = -283*y**3 + 22*y**2 + 128*y - 20. Is j(-7) a prime number?
True
Let a(x) be the second derivative of x**4/4 + x**3/6 - 5*x**2 - 23*x. Let f be a(3). Is (f/(-10))/((-1)/2) - -409 a prime number?
False
Suppose 2*m = 7*m + 3*o - 422, 5*o + 226 = 3*m. Suppose -m*z = -80*z - 10. Suppose 0 = 2*d - z*x - 270, -3*d + 2*x - 153 = -4*d. Is d a composite number?
True
Is (366 - -1091121)*(-1)/(-3) a prime number?
True
Let w(t) = 82*t**2 + 40*t + 33. Let p be w(31). Suppose -14*b + p = 11*b. Is b a composite number?
False
Suppose 0 = 24*d - 20*d - 44. Is 287*d - (-46 + 40) composite?
False
Is (248/(-2480))/(3/(-106440990)) prime?
True
Let g(l) = 151*l - 9 - 25 - 24*l + 1. Is g(20) prime?
False
Let g = 21924 + 138907. Is g prime?
False
Let k be (-2 - -1) + (-3 - -17). Suppose -k*p + 36 = -4*p. Suppose -4*g + 344 + 416 = p*n, 5*g - 954 = -n. Is g composite?
False
Let t(g) = g - 6. Let d be t(13). Let b(z) = -d - 2*z - z + 2*z**2 + 76*z**2. Is b(-4) prime?
False
Suppose -46095 = -5*u - 30*u. Is u composite?
True
Let n(p) be the second derivative of p**5/4 + p**4/2 - 3*p**3/2 + 7*p**2/2 + 93*p. Let v = 11 - 6. Is n(v) a composite number?
True
Suppose 4*s - 2*s = 554. Suppose s = -c + 671. Is -4 + c + 3 - 2*1 a composite number?
True
Suppose -104*n + 3602397 = -15216299. Is n a prime number?
True
Let f(x) = -x**2 + 11*x - 4. Let u be f(6). Let w(v) = 44*v - 62. Is w(u) composite?
True
Suppose 0 = -7*s + 6*s + 15. Suppose -s*j = 4406 - 17246. Let k